 = y - q. List the prime factors of p.
7
Let n = 13 + -11. What are the prime factors of n?
2
Let d = -40 + 74. What are the prime factors of d?
2, 17
What are the prime factors of (-4)/6 - 416/(-12)?
2, 17
Suppose 3*p = 12 + 33. List the prime factors of p.
3, 5
Let j(q) = 8*q - 2. Let n be j(3). Suppose 0 = 2*m + 1 - 7. Suppose n = m*p + 1. List the prime factors of p.
7
Let g = 277 + 9. List the prime factors of g.
2, 11, 13
Let w(q) = -q. Suppose 5 = -v + 4*d + 15, 3*d = v - 7. What are the prime factors of w(v)?
2
Let w = 25 - -29. List the prime factors of w.
2, 3
Let z(s) = -4*s**3 - 2*s**2 + 1. Let r be z(-1). Let d = 5 - r. What are the prime factors of d?
2
Let c(y) = y**2 - y + 248. List the prime factors of c(0).
2, 31
Suppose -i + 4*i + 5*y - 187 = 0, -2*i - 2*y + 118 = 0. Suppose -i = -5*o - 5*t + 2*t, o - 4*t = 20. List the prime factors of o.
2, 3
Suppose -115 = 4*b - 9*b. What are the prime factors of b/(-2)*(1 + -3)?
23
What are the prime factors of 1421/14 - ((-6)/4 - -2)?
101
Suppose 4*h - 5*t = 186, 0 = 4*h - 2*t + 4*t - 172. What are the prime factors of h?
2, 11
Let l(h) = h**3 - 3*h**2 - 4*h + 5. Let b be l(4). Suppose -f + 5 = -p, 3 = 3*f + b*p - 12. What are the prime factors of (0 + 1)*35/f?
7
Suppose -4*m = 10 + 10. Let c = 14 - m. Let g = -12 + c. List the prime factors of g.
7
Let r = -50 - -75. Suppose -5*p = -40 - r. List the prime factors of p.
13
Let q be (-2 + -2)/((-2)/5). Let j(y) = -y + 40. Let b be j(-11). Suppose 0 = -3*z - d + q + 43, b = 3*z + 3*d. What are the prime factors of z?
2, 3
Let z = 5 + 26. Suppose 0*x - 5*k + 29 = 3*x, 0 = 4*x - k - z. Suppose -3*w = -4*c + 60 - x, c - 2*w - 18 = 0. What are the prime factors of c?
2, 5
Suppose -2*u - 18 = -2*d + 3*u, -5*d + 4*u + 62 = 0. What are the prime factors of d?
2, 7
Suppose -n + 0*n = -16. What are the prime factors of n?
2
Let a(c) = c**3 + 61 - 6*c**2 + 2*c + 0*c**3 - 62. List the prime factors of a(6).
11
Let n = 36 + -12. List the prime factors of n.
2, 3
Suppose -21 = p - 188. What are the prime factors of p?
167
Suppose 5*z - 7 = 3. Let p be 1 + z + -1 - -8. Let g = p - 6. What are the prime factors of g?
2
Suppose 3*f - 4 = -2*c - 2*c, -4*c - 4*f + 4 = 0. Let i(t) = -5 + 3 + 2 + 8*t**2 + 1. What are the prime factors of i(c)?
3
List the prime factors of 33/77 + (-201)/(-21) + 1.
11
Suppose 12 = -3*v, 6*k = 2*k + 3*v + 16. What are the prime factors of -2 + (13 - k - 2)?
2
Let u = -145 - -231. What are the prime factors of u?
2, 43
Let l be -6*1*7/2. What are the prime factors of 2*l/15*-5?
2, 7
Let k(y) = -5*y + 4. Let z be k(4). Let g = 24 + z. What are the prime factors of g?
2
Suppose 0 = 4*x + 2 + 2. Let h = x - 1. List the prime factors of (h/5)/(1/(-5)).
2
Suppose -4*f + 16 = 0, 2*w + 3 + 1 = -f. Let k = w + 10. What are the prime factors of k?
2, 3
List the prime factors of 4/(3/36*2).
2, 3
Let y = -8 - -12. What are the prime factors of (15 - 0)*y/12?
5
Let y = -1 - -3. Suppose 0*x - x = b - 9, 4*x = y*b + 12. Suppose -3*s + b*g = -6*s + 33, 0 = -s + 3*g - 2. What are the prime factors of s?
7
Let w(d) = 2*d**2 + 7*d - 1. Suppose 0 = -g + 5*g - 44. Suppose -4*f - 5*n = 10, 3*f - 3*n = 2*f - g. What are the prime factors of w(f)?
2, 7
Suppose -3*k - 82 = -2*n + 70, 5*k = -20. Let b = n + -21. List the prime factors of b.
7
Suppose 34 = -3*p - 7*s + 2*s, p - 5*s - 22 = 0. What are the prime factors of 4*(7/2 + p)?
2
Let z(w) = -w**3 - 6*w**2 + 4*w + 6. Let r be z(-6). Let b be 10/3*r/(-5). Suppose 5*l = 2*n - 0*n - 23, -b = -n + 3*l. List the prime factors of n.
3
Suppose -5*o + 6 = -14. Suppose 0 = 2*b - u - 7 - 3, 0 = -o*b + 3*u + 22. Suppose 0 = z - 3, 4*z = -2*r + 36 - b. List the prime factors of r.
2, 5
Let t(r) = 2*r**2 + 7*r + 29. List the prime factors of t(9).
2, 127
Suppose z - 12 = -2*z. Suppose -3*r + 6 = 0, 7 = -4*l + 2*r + 3. Suppose 5*n + z*g - 20 = -5, -n + 3*g + 22 = l. What are the prime factors of n?
7
Suppose v - 5*t = 140, -v = -6*v + 5*t + 660. What are the prime factors of v?
2, 5, 13
Suppose 0 = -2*o - 2*r + 14, 3 = 2*r - r. Let u = 108 + -58. Suppose o*g - u = -g. List the prime factors of g.
2, 5
Suppose 4*d - 27 = -5*s, -4*s - 5*d = -2*d - 21. Suppose -s*m + 0*m = -15. What are the prime factors of m?
5
Suppose -21 = 2*s + 3. Let i be 1 - (-5)/((-10)/6). Let n = i - s. List the prime factors of n.
2, 5
List the prime factors of (-8)/(-4) + (3 - 0).
5
Let z(c) = -c**2 + 8*c - 6. Let v be z(8). Let d = v - -24. What are the prime factors of d?
2, 3
Suppose 3*x - 4*x - 4*m = 0, -3*x - m = -44. What are the prime factors of x?
2
Suppose 9 = 2*p - 7. List the prime factors of p.
2
Let l(u) = 10*u + 4. Let z be (7/(-2))/((-1)/(-2)). Let s be l(z). List the prime factors of 3/4 - s/8.
3
Let h = -31 + 53. What are the prime factors of h?
2, 11
Let z(k) = 2*k**2 + 12*k + 24. What are the prime factors of z(-7)?
2, 19
Suppose -2*z + 4*z - 52 = -2*w, 2*z - 2*w - 56 = 0. What are the prime factors of z?
3
Suppose -2*z + 0*z + 36 = 0. What are the prime factors of z?
2, 3
Suppose 8 = -0*g + 4*g. Let s = -35 - -24. Let r = g - s. List the prime factors of r.
13
Let n(y) be the second derivative of y**8/6720 - y**7/504 + y**5/24 + y**4/12 + 2*y. Let s(v) be the third derivative of n(v). List the prime factors of s(5).
5
Let o(d) = 6 + 0 - 2*d + 6*d. What are the prime factors of o(5)?
2, 13
Suppose -5*p + 20 = 0, -3*r - 5*p - 13 = -4*r. Suppose -3*j - 3 = -r. What are the prime factors of j?
2, 5
Let z(n) = n**3 - 6*n**2 - 2*n + 9. Let k be z(6). Let l = -9 - k. List the prime factors of (-8)/(-2)*l/(-4).
2, 3
Suppose 5*p - 495 - 185 = 5*i, -2*p - 4*i = -266. Suppose -p = -4*u + 5*x, 12 = -x - 3*x. List the prime factors of u.
2, 3, 5
Let h be (4/(-3))/(8/252). Let r be h/(-4) - (-1)/2. Suppose 0 = z - r. What are the prime factors of z?
11
Let g(i) = -i + 2 - 4 + 1. Let b be g(-4). Suppose h + b = 5. List the prime factors of h.
2
Suppose -3*u + 230 = 2*u. List the prime factors of u.
2, 23
Let f(j) = j**3 - 7*j**2 - 6. Let u be f(7). Let c(p) = -3*p - 8. What are the prime factors of c(u)?
2, 5
Let k = 1 - -3. Let o(g) = -g**2 + 6*g + 1. List the prime factors of o(k).
3
Let w(o) = -11*o + 7. Let p(i) = -1. Let t(b) = -6*p(b) - w(b). Let h(n) = -n**3 + n + 1. Let y be h(-1). What are the prime factors of t(y)?
2, 5
List the prime factors of 1/(5/10) - -26.
2, 7
Let i = -151 - -604. Suppose -7*d + 605 = -2*d - 4*v, -4*d - 3*v + i = 0. What are the prime factors of (-2)/(-4) + d/6?
2, 5
Suppose -2*y + 415 = 3*y. Suppose w = -2*s + 29, -y = -4*s + w + 2*w. List the prime factors of s.
17
Suppose -86 = 5*o + 164. Let k = -32 - o. What are the prime factors of k?
2, 3
Let a(b) = 3*b**2 + 4*b + 3. Let m be a(-2). Suppose -z + 0*z = m. Let s = z + 11. List the prime factors of s.
2
Let b(q) = -q**3 - 6*q**2 + 11*q. Let c be b(-8). Suppose c - 15 = w. What are the prime factors of w?
5
Suppose j = 2*j - 4. Let n = j + 1. What are the prime factors of n?
5
Let a = -63 - -173. Let o be ((-3)/(-2))/((-1)/(-2)). Suppose -8*f + o*f + a = 0. List the prime factors of f.
2, 11
Let s = -75 + 115. List the prime factors of s.
2, 5
Suppose 6*z - 7678 = -16*z. List the prime factors of z.
349
Let o(s) = 6. Let m(d) = d. Let k(n) = -m(n) + o(n). Suppose 3*b + 0 = -t + 1, -28 = 4*t - 4*b. What are the prime factors of k(t)?
11
Suppose z - 50 = 5. Suppose 2*s + 11 = -4*m + z, 5*m - 64 = -3*s. List the prime factors of s.
2, 3
Let z be 12/16 + 1/4. Let k be -7*(-1 + 1 - z). Suppose -5*g - y = -k, g - 21 = 5*y - 4. What are the prime factors of g?
2
Let d(t) = -t**3 + t. Suppose q = -3*z + 9, 3*q = 3*z - 0*z - 21. Suppose 0 = -i - i - z. List the prime factors of d(i).
2, 3
Let i(f) = f**3 + 6*f**2 - 4*f + 5. What are the prime factors of i(-6)?
29
Let a(r) be the second derivative of -r**4/12 - 4*r**3/3 - r**2/2 + 2*r. What are the prime factors of a(-5)?
2, 7
Let c be (-58)/10 + 1/(-5). Let h be -1 + 13 + (1 - 0). Let o = c + h. List the prime factors of o.
7
Suppose 178 = -5*m + 638. List the prime factors of m.
2, 23
Let v be 5 - (3 + -1) - -20. Suppose 3*k - 25 = v. What are the prime factors of k?
2
Let i = -21 - -36. Let q be (2/6)/((-5)/(-30)). Suppose 7 = q*g - i. List the prime factors of g.
11
Let n(b) = b**3 + 4*b**2 + 2*b + 1